{"id":17,"date":"2014-12-05T22:09:18","date_gmt":"2014-12-05T21:09:18","guid":{"rendered":"http:\/\/clubcorvette.se\/sydost\/?page_id=17"},"modified":"2022-10-21T17:32:43","modified_gmt":"2022-10-21T15:32:43","slug":"prenumerera","status":"publish","type":"page","link":"https:\/\/clubcorvette.se\/sydost\/prenumerera\/","title":{"rendered":"Prenumerera"},"content":{"rendered":"<p>Vi kommer inom en snar framtid att byta ut v\u00e5r nyhetsbrevtj\u00e4nst och kommer d\u00e5 \u00f6ppna upp f\u00f6r nya prenumeranter! H\u00e5ll utkik p\u00e5 f\u00f6rstasidan f\u00f6r mer information&#8230;<\/p>\n","protected":false},"excerpt":{"rendered":"<p>Vi kommer inom en snar framtid att byta ut v\u00e5r nyhetsbrevtj\u00e4nst och kommer d\u00e5 \u00f6ppna upp f\u00f6r nya prenumeranter! H\u00e5ll utkik p\u00e5 f\u00f6rstasidan f\u00f6r mer information&#8230;<\/p>\n","protected":false},"author":1,"featured_media":0,"parent":0,"menu_order":0,"comment_status":"open","ping_status":"open","template":"template-subscribe.php","meta":{"_acf_changed":false,"footnotes":""},"class_list":["post-17","page","type-page","status-publish","hentry"],"acf":[],"_links":{"self":[{"href":"https:\/\/clubcorvette.se\/sydost\/wp-json\/wp\/v2\/pages\/17","targetHints":{"allow":["GET"]}}],"collection":[{"href":"https:\/\/clubcorvette.se\/sydost\/wp-json\/wp\/v2\/pages"}],"about":[{"href":"https:\/\/clubcorvette.se\/sydost\/wp-json\/wp\/v2\/types\/page"}],"author":[{"embeddable":true,"href":"https:\/\/clubcorvette.se\/sydost\/wp-json\/wp\/v2\/users\/1"}],"replies":[{"embeddable":true,"href":"https:\/\/clubcorvette.se\/sydost\/wp-json\/wp\/v2\/comments?post=17"}],"version-history":[{"count":2,"href":"https:\/\/clubcorvette.se\/sydost\/wp-json\/wp\/v2\/pages\/17\/revisions"}],"predecessor-version":[{"id":6268,"href":"https:\/\/clubcorvette.se\/sydost\/wp-json\/wp\/v2\/pages\/17\/revisions\/6268"}],"wp:attachment":[{"href":"https:\/\/clubcorvette.se\/sydost\/wp-json\/wp\/v2\/media?parent=17"}],"curies":[{"name":"wp","href":"https:\/\/api.w.org\/{rel}","templated":true}]}}