{"id":3888,"date":"2026-04-16T12:04:01","date_gmt":"2026-04-16T10:04:01","guid":{"rendered":"https:\/\/clubcorvette.se\/prylshop\/?post_type=product&#038;p=3888"},"modified":"2026-04-16T12:04:02","modified_gmt":"2026-04-16T10:04:02","slug":"ficklampa","status":"publish","type":"product","link":"https:\/\/clubcorvette.se\/prylshop\/produkt\/ficklampa\/","title":{"rendered":"Ficklampa"},"content":{"rendered":"<p>Den har en handrem f\u00f6r enkel transport och levereras med 3x AAA-batterier f\u00f6r omedelbar anv\u00e4ndning. Perfekt f\u00f6r vardagliga sysslor och utomhusaktiviteter.<br \/>\nKlubbtryck i vitt p\u00e5 sidan.<br \/>\nL\u00e4ngd 10cm.<\/p>\n","protected":false},"excerpt":{"rendered":"<p>Kompakt ficklampa tillverkad av \u00e5tervunnen ABS med ett 80 lm COB-ljus.<\/p>\n","protected":false},"featured_media":3882,"comment_status":"open","ping_status":"closed","template":"","meta":{"_acf_changed":false},"product_brand":[],"product_cat":[45,9,8],"product_tag":[],"class_list":{"0":"post-3888","1":"product","2":"type-product","3":"status-publish","4":"has-post-thumbnail","6":"product_cat-nyheter-2026","7":"product_cat-alla","8":"product_cat-ovrigt","9":"product_shipping_class-mellanstora-produkter","11":"first","12":"instock","13":"shipping-taxable","14":"purchasable","15":"product-type-simple"},"acf":[],"_links":{"self":[{"href":"https:\/\/clubcorvette.se\/prylshop\/wp-json\/wp\/v2\/product\/3888","targetHints":{"allow":["GET"]}}],"collection":[{"href":"https:\/\/clubcorvette.se\/prylshop\/wp-json\/wp\/v2\/product"}],"about":[{"href":"https:\/\/clubcorvette.se\/prylshop\/wp-json\/wp\/v2\/types\/product"}],"replies":[{"embeddable":true,"href":"https:\/\/clubcorvette.se\/prylshop\/wp-json\/wp\/v2\/comments?post=3888"}],"wp:featuredmedia":[{"embeddable":true,"href":"https:\/\/clubcorvette.se\/prylshop\/wp-json\/wp\/v2\/media\/3882"}],"wp:attachment":[{"href":"https:\/\/clubcorvette.se\/prylshop\/wp-json\/wp\/v2\/media?parent=3888"}],"wp:term":[{"taxonomy":"product_brand","embeddable":true,"href":"https:\/\/clubcorvette.se\/prylshop\/wp-json\/wp\/v2\/product_brand?post=3888"},{"taxonomy":"product_cat","embeddable":true,"href":"https:\/\/clubcorvette.se\/prylshop\/wp-json\/wp\/v2\/product_cat?post=3888"},{"taxonomy":"product_tag","embeddable":true,"href":"https:\/\/clubcorvette.se\/prylshop\/wp-json\/wp\/v2\/product_tag?post=3888"}],"curies":[{"name":"wp","href":"https:\/\/api.w.org\/{rel}","templated":true}]}}