{"id":1627,"date":"2018-03-16T12:23:25","date_gmt":"2018-03-16T10:23:25","guid":{"rendered":"http:\/\/clubcorvette.se\/prylshop\/?post_type=product&#038;p=1627"},"modified":"2022-10-26T15:25:02","modified_gmt":"2022-10-26T13:25:02","slug":"boxerkalsong-pxc","status":"publish","type":"product","link":"https:\/\/clubcorvette.se\/prylshop\/produkt\/boxerkalsong-pxc\/","title":{"rendered":"Boxerkalsong PXC"},"content":{"rendered":"<p>Boxerkalsonger fr\u00e5n PXC Underwear till herr i ett mycket mjukt microfiber material, vilket inneb\u00e4r att de \u00e4r mycket svala och behagliga att ha p\u00e5 sig.<br \/>\nKlubbtryck p\u00e5 ena benet.<\/p>\n","protected":false},"excerpt":{"rendered":"<p>Boxerkalsonger fr\u00e5n PXC Underwear till herr i ett mycket mjukt microfiber material, vilket inneb\u00e4r att de \u00e4r mycket svala och behagliga att ha p\u00e5 sig. Klubbtryck p\u00e5 ena benet.<\/p>\n","protected":false},"featured_media":1626,"comment_status":"open","ping_status":"closed","template":"","meta":{"_acf_changed":false},"product_brand":[],"product_cat":[9,7,36],"product_tag":[],"class_list":{"0":"post-1627","1":"product","2":"type-product","3":"status-publish","4":"has-post-thumbnail","6":"product_cat-alla","7":"product_cat-klader","8":"product_cat-for-honom","9":"product_shipping_class-mellanstora-produkter","11":"first","12":"instock","13":"shipping-taxable","14":"purchasable","15":"product-type-variable"},"acf":[],"_links":{"self":[{"href":"https:\/\/clubcorvette.se\/prylshop\/wp-json\/wp\/v2\/product\/1627","targetHints":{"allow":["GET"]}}],"collection":[{"href":"https:\/\/clubcorvette.se\/prylshop\/wp-json\/wp\/v2\/product"}],"about":[{"href":"https:\/\/clubcorvette.se\/prylshop\/wp-json\/wp\/v2\/types\/product"}],"replies":[{"embeddable":true,"href":"https:\/\/clubcorvette.se\/prylshop\/wp-json\/wp\/v2\/comments?post=1627"}],"wp:featuredmedia":[{"embeddable":true,"href":"https:\/\/clubcorvette.se\/prylshop\/wp-json\/wp\/v2\/media\/1626"}],"wp:attachment":[{"href":"https:\/\/clubcorvette.se\/prylshop\/wp-json\/wp\/v2\/media?parent=1627"}],"wp:term":[{"taxonomy":"product_brand","embeddable":true,"href":"https:\/\/clubcorvette.se\/prylshop\/wp-json\/wp\/v2\/product_brand?post=1627"},{"taxonomy":"product_cat","embeddable":true,"href":"https:\/\/clubcorvette.se\/prylshop\/wp-json\/wp\/v2\/product_cat?post=1627"},{"taxonomy":"product_tag","embeddable":true,"href":"https:\/\/clubcorvette.se\/prylshop\/wp-json\/wp\/v2\/product_tag?post=1627"}],"curies":[{"name":"wp","href":"https:\/\/api.w.org\/{rel}","templated":true}]}}